alculate the remainder when 20919 is divided by 1898.
41
Calculate the remainder when 20737679 is divided by 55.
39
What is the remainder when 289964 is divided by 28?
24
Calculate the remainder when 36887852 is divided by 52.
40
Calculate the remainder when 341732 is divided by 2024.
1700
Calculate the remainder when 29254276 is divided by 9751392.
100
Calculate the remainder when 18670549 is divided by 18.
13
Calculate the remainder when 773511 is divided by 630.
501
What is the remainder when 28149936 is divided by 5629987?
1
Calculate the remainder when 8346221 is divided by 33.
26
Calculate the remainder when 54112839 is divided by 19.
3
What is the remainder when 171324 is divided by 19016?
180
What is the remainder when 12642036 is divided by 12063?
12
Calculate the remainder when 100014195 is divided by 88.
83
Calculate the remainder when 419139 is divided by 418181.
958
Calculate the remainder when 909210534 is divided by 417.
414
Calculate the remainder when 2014172 is divided by 143851.
258
What is the remainder when 1520550 is divided by 146?
106
What is the remainder when 41387 is divided by 13535?
782
What is the remainder when 69427 is divided by 3197?
2290
Calculate the remainder when 18864 is divided by 624.
144
Calculate the remainder when 406088 is divided by 1805.
1768
What is the remainder when 261678 is divided by 313?
10
What is the remainder when 543343 is divided by 1071?
346
What is the remainder when 5739548 is divided by 24?
20
Calculate the remainder when 36256 is divided by 8883.
724
Calculate the remainder when 669367 is divided by 5398.
15
Calculate the remainder when 1478018 is divided by 77771.
369
What is the remainder when 14572960 is divided by 33?
28
What is the remainder when 2360381 is divided by 2411?
12
Calculate the remainder when 1144311 is divided by 63.
42
Calculate the remainder when 1729674 is divided by 61774.
2
Calculate the remainder when 336250 is divided by 47981.
383
Calculate the remainder when 15371173 is divided by 556.
553
What is the remainder when 26731385 is divided by 2917?
2914
Calculate the remainder when 3926064 is divided by 1078.
1066
Calculate the remainder when 806827 is divided by 268767.
526
Calculate the remainder when 30086 is divided by 2918.
906
What is the remainder when 2609068 is divided by 126?
112
Calculate the remainder when 68781 is divided by 2189.
922
Calculate the remainder when 355436 is divided by 22105.
1756
What is the remainder when 1415759 is divided by 2258?
2251
What is the remainder when 767874 is divided by 465?
159
Calculate the remainder when 8446166 is divided by 23792.
6
Calculate the remainder when 95644559 is divided by 132.
131
Calculate the remainder when 312502 is divided by 104158.
28
What is the remainder when 9401829 is divided by 138262?
13
Calculate the remainder when 4162567 is divided by 1040615.
107
Calculate the remainder when 1379637269 is divided by 5023.
5020
What is the remainder when 3458355 is divided by 150?
105
What is the remainder when 2200537 is divided by 63?
10
What is the remainder when 5524251 is divided by 411?
0
Calculate the remainder when 1536581 is divided by 51219.
11
What is the remainder when 23014851 is divided by 54?
51
Calculate the remainder when 1471434 is divided by 91964.
10
Calculate the remainder when 143347 is divided by 44287.
10486
Calculate the remainder when 316316 is divided by 63237.
131
What is the remainder when 8632316 is divided by 1405?
1401
What is the remainder when 184430 is divided by 344?
46
Calculate the remainder when 37237 is divided by 5269.
354
What is the remainder when 1076834 is divided by 418?
66
Calculate the remainder when 176028 is divided by 1077.
477
Calculate the remainder when 7353969 is divided by 1297.
1276
What is the remainder when 19379071 is divided by 884?
23
What is the remainder when 293056 is divided by 292881?
175
Calculate the remainder when 23044626 is divided by 11522304.
18
What is the remainder when 9952468 is divided by 186?
166
What is the remainder when 125156 is divided by 293?
45
Calculate the remainder when 53145559 is divided by 127.
123
What is the remainder when 4224185 is divided by 1350?
35
What is the remainder when 499657 is divided by 20?
17
What is the remainder when 3344468 is divided by 5169?
125
What is the remainder when 971631 is divided by 978?
477
What is the remainder when 14448887 is divided by 57565?
72
What is the remainder when 107130 is divided by 782?
778
What is the remainder when 2548281 is divided by 17574?
51
Calculate the remainder when 13935218 is divided by 142.
48
What is the remainder when 102932 is divided by 11194?
2186
What is the remainder when 433684249 is divided by 144561411?
16
What is the remainder when 1680309 is divided by 30537?
774
What is the remainder when 9101849 is divided by 716?
57
Calculate the remainder when 2008060 is divided by 3421.
3354
What is the remainder when 39833222 is divided by 2549?
2548
Calculate the remainder when 1528746 is divided by 52.
50
Calculate the remainder when 169739479 is divided by 68.
55
Calculate the remainder when 3876143 is divided by 645985.
233
What is the remainder when 82604 is divided by 16486?
174
Calculate the remainder when 177562703 is divided by 2384.
2383
What is the remainder when 3809361 is divided by 761872?
1
Calculate the remainder when 1236885 is divided by 10.
5
What is the remainder when 49110892 is divided by 1289?
1281
Calculate the remainder when 38927 is divided by 46.
11
What is the remainder when 182352 is divided by 6853?
4174
What is the remainder when 1764913 is divided by 44122?
33
What is the remainder when 16789 is divided by 675?
589
Calculate the remainder when 7160 is divided by 3765.
3395
What is the remainder when 246090699 is divided by 507?
504
What is the remainder when 3474975 is divided by 6683?
6498
Calculate the remainder when 47433450 is divided by 23.
21
What is the remainder when 95238708 is divided by 191?
187
What is the remainder when 955306 is divided by 12?
10
Calculate the remainder when 16049479 is divided by 107.
14
Calculate the remainder when 143375286 is divided by 2108460.
6
Calculate the remainder when 208094151 is divided by 7127.
5
Calculate the remainder when 3601885 is divided by 42.
7
Calculate the remainder when 1711995 is divided by 156.
51
Calculate the remainder when 1550484 is divided by 172268.
72
What is the remainder when 1587500 is divided by 35?
5
What is the remainder when 64483902 is divided by 142?
140
Calculate the remainder when 1296637 is divided by 251.
222
What is the remainder when 123917473 is divided by 7702?
7697
What is the remainder when 291655 is divided by 4936?
431
Calculate the remainder when 26236 is divided by 8212.
1600
Calculate the remainder when 918558 is divided by 459271.
16
What is the remainder when 3631 is divided by 3330?
301
Calculate the remainder when 185646 is divided by 46411.
2
Calculate the remainder when 127808 is divided by 3038.
212
What is the remainder when 89593284 is divided by 10528?
4
Calculate the remainder when 596433 is divided by 677.
673
Calculate the remainder when 19936620 is divided by 167.
160
What is the remainder when 49630049 is divided by 2910?
2909
Calculate the remainder when 85134 is divided by 3184.
2350
What is the remainder when 1171927 is divided by 658?
29
What is the remainder when 756504 is divided by 132?
12
Calculate the remainder when 204427996 is divided by 31.
15
Calculate the remainder when 1424348 is divided by 2.
0
Calculate the remainder when 4565903 is divided by 362.
359
What is the remainder when 78556913 is divided by 842?
839
What is the remainder when 24416 is divided by 2294?
1476
Calculate the remainder when 831048 is divided by 23.
12
What is the remainder when 11197708 is divided by 90?
88
What is the remainder when 242568 is divided by 775?
768
Calculate the remainder when 3515616 is divided by 571.
540
Calculate the remainder when 286089 is divided by 11917.
81
Calculate the remainder when 26012825 is divided by 2646.
2645
What is the remainder when 90151 is divided by 22519?
75
Calculate the remainder when 5356977 is divided by 1785443.
648
What is the remainder when 65630398 is divided by 264?
26